{"id":210,"date":"2026-03-01T17:43:02","date_gmt":"2026-03-01T16:43:02","guid":{"rendered":"https:\/\/lestella.cat\/web\/?page_id=210"},"modified":"2026-03-01T21:42:51","modified_gmt":"2026-03-01T20:42:51","slug":"contactans","status":"publish","type":"page","link":"https:\/\/lestella.cat\/web\/contactans\/","title":{"rendered":"Contacta&#8217;ns!"},"content":{"rendered":"\t\t<div data-elementor-type=\"wp-page\" data-elementor-id=\"210\" class=\"elementor elementor-210\">\n\t\t\t\t<div class=\"elementor-element elementor-element-0e3b9ea e-flex e-con-boxed e-con e-parent\" data-id=\"0e3b9ea\" data-element_type=\"container\">\n\t\t\t\t\t<div class=\"e-con-inner\">\n\t\t<div class=\"elementor-element elementor-element-139c064 e-con-full e-flex e-con e-child\" data-id=\"139c064\" data-element_type=\"container\" data-settings=\"{&quot;background_background&quot;:&quot;classic&quot;}\">\n\t\t\t\t<div class=\"elementor-element elementor-element-0130b32 elementor-widget elementor-widget-heading\" data-id=\"0130b32\" data-element_type=\"widget\" data-widget_type=\"heading.default\">\n\t\t\t\t\t<h2 class=\"elementor-heading-title elementor-size-default\">On som<\/h2>\t\t\t\t<\/div>\n\t\t\t\t<div class=\"elementor-element elementor-element-46364d9 elementor-widget elementor-widget-text-editor\" data-id=\"46364d9\" data-element_type=\"widget\" data-widget_type=\"text-editor.default\">\n\t\t\t\t\t\t\t\t\t<p>Ens podeu trobar a l&#8217;Institut Pla Marcell (dies encara per determinar) i a l&#8217;Escola Gran\u00e9s (dies encara per determinar).<\/p><p>No tenim tel\u00e8fon, per\u00f2 si que tenim correu electr\u00f2nic:<br \/><a href=\"mailto:estellacomunitaria@gmail.com\"><strong>estellacomunitaria@gmail.com<\/strong><\/a><\/p><p>I un instagram:<br \/><strong><a href=\"https:\/\/www.instagram.com\/lestella_creacio_comunitaria\/\">https:\/\/www.instagram.com\/lestella_creacio_comunitaria\/<\/a><\/strong><\/p><p>\u00a0<\/p><p>\u00a0<\/p><p>\u00a0<\/p><p>\u00a0<\/p><p>\u00a0<\/p><p>\u00a0<\/p><p>\u00a0<\/p><p>\u00a0<\/p><p>\u00a0<\/p><p>\u00a0<\/p><p>\u00a0<\/p><p>\u00a0<\/p><p>\u00a0<\/p>\t\t\t\t\t\t\t\t<\/div>\n\t\t\t\t<\/div>\n\t\t<div class=\"elementor-element elementor-element-c492487 e-con-full e-flex e-con e-child\" data-id=\"c492487\" data-element_type=\"container\">\n\t\t\t\t<div class=\"elementor-element elementor-element-7d66556 elementor-widget elementor-widget-html\" data-id=\"7d66556\" data-element_type=\"widget\" data-widget_type=\"html.default\">\n\t\t\t\t\t<iframe src=\"https:\/\/docs.google.com\/forms\/d\/e\/1FAIpQLSfOFzVM5E0ic5go2TgDIlcbTuza3MdDqoNP6-bwR0P1fnqJpA\/viewform?embedded=true\" width=\"640\" height=\"800\" frameborder=\"0\" marginheight=\"0\" marginwidth=\"0\">S&#39;est\u00e0 carregant\u2026<\/iframe>\t\t\t\t<\/div>\n\t\t\t\t<\/div>\n\t\t\t\t\t<\/div>\n\t\t\t\t<\/div>\n\t\t<div class=\"elementor-element elementor-element-504a416 e-flex e-con-boxed e-con e-parent\" data-id=\"504a416\" data-element_type=\"container\">\n\t\t\t\t\t<div class=\"e-con-inner\">\n\t\t\t\t\t<\/div>\n\t\t\t\t<\/div>\n\t\t\t\t<\/div>\n\t\t","protected":false},"excerpt":{"rendered":"<p>On som Ens podeu trobar a l&#8217;Institut Pla Marcell (dies encara per determinar) i a l&#8217;Escola Gran\u00e9s (dies encara per determinar). No tenim tel\u00e8fon, per\u00f2 si que tenim correu electr\u00f2nic:estellacomunitaria@gmail.com I un instagram:https:\/\/www.instagram.com\/lestella_creacio_comunitaria\/ \u00a0 \u00a0 \u00a0 \u00a0 \u00a0 \u00a0 \u00a0 \u00a0 \u00a0 \u00a0 \u00a0 \u00a0 \u00a0 S&#39;est\u00e0 carregant\u2026<\/p>\n","protected":false},"author":1,"featured_media":0,"parent":0,"menu_order":0,"comment_status":"closed","ping_status":"closed","template":"","meta":{"footnotes":""},"class_list":["post-210","page","type-page","status-publish"],"_links":{"self":[{"href":"https:\/\/lestella.cat\/web\/wp-json\/wp\/v2\/pages\/210","targetHints":{"allow":["GET"]}}],"collection":[{"href":"https:\/\/lestella.cat\/web\/wp-json\/wp\/v2\/pages"}],"about":[{"href":"https:\/\/lestella.cat\/web\/wp-json\/wp\/v2\/types\/page"}],"author":[{"embeddable":true,"href":"https:\/\/lestella.cat\/web\/wp-json\/wp\/v2\/users\/1"}],"replies":[{"embeddable":true,"href":"https:\/\/lestella.cat\/web\/wp-json\/wp\/v2\/comments?post=210"}],"version-history":[{"count":7,"href":"https:\/\/lestella.cat\/web\/wp-json\/wp\/v2\/pages\/210\/revisions"}],"predecessor-version":[{"id":250,"href":"https:\/\/lestella.cat\/web\/wp-json\/wp\/v2\/pages\/210\/revisions\/250"}],"wp:attachment":[{"href":"https:\/\/lestella.cat\/web\/wp-json\/wp\/v2\/media?parent=210"}],"curies":[{"name":"wp","href":"https:\/\/api.w.org\/{rel}","templated":true}]}}