{"id":41,"date":"2026-01-25T20:02:50","date_gmt":"2026-01-25T20:02:50","guid":{"rendered":"https:\/\/lestella.cat\/web\/?page_id=41"},"modified":"2026-04-05T20:02:54","modified_gmt":"2026-04-05T19:02:54","slug":"participa","status":"publish","type":"page","link":"https:\/\/lestella.cat\/web\/participa\/","title":{"rendered":"Participa"},"content":{"rendered":"\t\t<div data-elementor-type=\"wp-page\" data-elementor-id=\"41\" class=\"elementor elementor-41\">\n\t\t\t\t<div class=\"elementor-element elementor-element-7cb5fb5 e-flex e-con-boxed e-con e-parent\" data-id=\"7cb5fb5\" data-element_type=\"container\">\n\t\t\t\t\t<div class=\"e-con-inner\">\n\t\t\t\t<div class=\"elementor-element elementor-element-b38a85d elementor-widget elementor-widget-heading\" data-id=\"b38a85d\" data-element_type=\"widget\" data-widget_type=\"heading.default\">\n\t\t\t\t\t<h2 class=\"elementor-heading-title elementor-size-default\">Vull participar com a per<b>s<\/b>ona.<\/h2>\t\t\t\t<\/div>\n\t\t\t\t\t<\/div>\n\t\t\t\t<\/div>\n\t\t<div class=\"elementor-element elementor-element-e188177 e-grid e-con-boxed e-con e-parent\" data-id=\"e188177\" data-element_type=\"container\">\n\t\t\t\t\t<div class=\"e-con-inner\">\n\t\t\t\t<div class=\"elementor-element elementor-element-4ac1403 elementor-widget elementor-widget-text-editor\" data-id=\"4ac1403\" data-element_type=\"widget\" data-widget_type=\"text-editor.default\">\n\t\t\t\t\t\t\t\t\t<h4><strong>Vine a les activitats<\/strong><\/h4><p><span style=\"font-weight: 400;\">Tallers oberts, c\u00e0psules formatives i projectes comunitaris.<\/span><\/p><div style=\"text-align: center; margin: 20px 0;\"><a id=\"meuBoto\" style=\"display: inline-flex; align-items: center; justify-content: center; padding: 12px 24px; font-size: 16px; font-weight: 600; border-radius: 8px; color: #ffffff; background-color: #2563eb; text-decoration: none; box-shadow: 0 4px 6px rgba(0,0,0,0.1); transition: all 0.3s ease;\" href=\"https:\/\/tally.so\/r\/EkDrKA?participacio=persona\">Consulta el calendari<\/a><\/div>\t\t\t\t\t\t\t\t<\/div>\n\t\t\t\t<div class=\"elementor-element elementor-element-27bceb5 elementor-widget elementor-widget-text-editor\" data-id=\"27bceb5\" data-element_type=\"widget\" data-widget_type=\"text-editor.default\">\n\t\t\t\t\t\t\t\t\t<h4><strong>Implica\u2019t en el projecte<\/strong><\/h4><p><span style=\"font-weight: 400;\">Vols formar part de l\u2019equip<br \/><\/span><span style=\"font-weight: 400;\">Pots sumar-te a:<\/span><\/p><ul><li style=\"list-style-type: none;\"><ul><li style=\"font-weight: 400;\" aria-level=\"1\"><span style=\"font-weight: 400;\">Comissi\u00f3 Gestora<\/span><\/li><li aria-level=\"1\">Comissi\u00f3 T\u00e8cnica<\/li><li style=\"font-weight: 400;\" aria-level=\"1\"><span style=\"font-weight: 400;\">Comissi\u00f3 Comunicaci\u00f3<\/span><\/li><li style=\"font-weight: 400;\" aria-level=\"1\"><span style=\"font-weight: 400;\">Comissi\u00f3 Activitats<\/span><\/li><li style=\"font-weight: 400;\" aria-level=\"1\"><span style=\"font-weight: 400;\">Comissi\u00f3 Projectes i Xarxa<\/span><\/li><\/ul><\/li><\/ul><div style=\"text-align: center; margin: 20px 0;\"><a id=\"meuBoto\" style=\"display: inline-flex; align-items: center; justify-content: center; padding: 12px 24px; font-size: 16px; font-weight: 600; border-radius: 8px; color: #ffffff; background-color: #2563eb; text-decoration: none; box-shadow: 0 4px 6px rgba(0,0,0,0.1); transition: all 0.3s ease;\" href=\"https:\/\/tally.so\/r\/EkDrKA?participacio=persona\">Vull apuntar-me a una comissi\u00f3!!!<\/a><\/div><div>\u00a0<\/div>\t\t\t\t\t\t\t\t<\/div>\n\t\t\t\t<div class=\"elementor-element elementor-element-111b74d elementor-widget elementor-widget-text-editor\" data-id=\"111b74d\" data-element_type=\"widget\" data-widget_type=\"text-editor.default\">\n\t\t\t\t\t\t\t\t\t<h4><strong>Aporta el teu coneixement<\/strong><\/h4><p><span style=\"font-weight: 400;\">Saps cosetes de fusteria, electr\u00f2nica, costura, impressi\u00f3 3D, reparaci\u00f3, art o educaci\u00f3?<br \/><\/span><\/p><div style=\"text-align: center; margin: 20px 0;\"><a id=\"meuBoto\" style=\"display: inline-flex; align-items: center; justify-content: center; padding: 12px 24px; font-size: 16px; font-weight: 600; border-radius: 8px; color: #ffffff; background-color: #2563eb; text-decoration: none; box-shadow: 0 4px 6px rgba(0,0,0,0.1); transition: all 0.3s ease;\" href=\"https:\/\/tally.so\/r\/EkDrKA?participacio=persona\">Tinc una proposta per fer!!!<\/a><\/div>\t\t\t\t\t\t\t\t<\/div>\n\t\t\t\t\t<\/div>\n\t\t\t\t<\/div>\n\t\t<div class=\"elementor-element elementor-element-96c13ef e-flex e-con-boxed e-con e-parent\" data-id=\"96c13ef\" data-element_type=\"container\">\n\t\t\t\t\t<div class=\"e-con-inner\">\n\t\t\t\t<div class=\"elementor-element elementor-element-8fbb010 elementor-widget elementor-widget-heading\" data-id=\"8fbb010\" data-element_type=\"widget\" data-widget_type=\"heading.default\">\n\t\t\t\t\t<h2 class=\"elementor-heading-title elementor-size-default\">Vull donar suport al projecte<\/h2>\t\t\t\t<\/div>\n\t\t\t\t\t<\/div>\n\t\t\t\t<\/div>\n\t\t<div class=\"elementor-element elementor-element-7975cb7 e-grid e-con-boxed e-con e-parent\" data-id=\"7975cb7\" data-element_type=\"container\">\n\t\t\t\t\t<div class=\"e-con-inner\">\n\t\t\t\t<div class=\"elementor-element elementor-element-6ec48d2 elementor-widget elementor-widget-text-editor\" data-id=\"6ec48d2\" data-element_type=\"widget\" data-widget_type=\"text-editor.default\">\n\t\t\t\t\t\t\t\t\t<h4><strong>Fes difusi\u00f3<\/strong><\/h4><p><span style=\"font-weight: 400;\">Comparteix el projecte, ajuda\u2019ns a cr\u00e9ixer i a arribar a m\u00e9s persones.<\/span><\/p><p>Segueix-nos a les xarxes socials:<br \/><a href=\"https:\/\/www.instagram.com\/lestella_creacio_comunitaria\/\"><strong>https:\/\/www.instagram.com\/lestella_creacio_comunitaria\/<\/strong><\/a><\/p><p>Uneix-te al grup de telegram.<br \/><a href=\"https:\/\/t.me\/lestella_fusteria_comunitaria\"><strong>https:\/\/t.me\/lestella_fusteria_comunitaria<\/strong><\/a><\/p>\t\t\t\t\t\t\t\t<\/div>\n\t\t\t\t<div class=\"elementor-element elementor-element-da5436f elementor-widget elementor-widget-text-editor\" data-id=\"da5436f\" data-element_type=\"widget\" data-widget_type=\"text-editor.default\">\n\t\t\t\t\t\t\t\t\t<h4><strong>Puc aportar materials<\/strong><\/h4><p class=\"p1\">Eines, retalls, consumibles, materials reutilitzables o contactes d\u2019empreses. Tamb\u00e9 pots facilitar:<\/p><ul><li class=\"p1\">Descomptes en compra d\u2019eines<\/li><li class=\"p1\">Donaci\u00f3 de material<\/li><li class=\"p1\">Aliances t\u00e8cniques o prove\u00efdors<\/li><\/ul><p class=\"p1\">Promovem economia circular i pensament maker:\u00a0<strong>Convertim recursos infrautilitzats en oportunitats de creaci\u00f3.<\/strong><\/p><div style=\"text-align: center; margin: 20px 0;\"><p><a id=\"meuBoto\" style=\"display: inline-flex; align-items: center; justify-content: center; padding: 12px 24px; font-size: 16px; font-weight: 600; border-radius: 8px; color: #ffffff; background-color: #2563eb; text-decoration: none; box-shadow: 0 4px 6px rgba(0,0,0,0.1); transition: all 0.3s ease;\" href=\"https:\/\/tally.so\/r\/EkDrKA?participacio=suport\">Puc fer una donaci\u00f3!!!<\/a><\/p><\/div>\t\t\t\t\t\t\t\t<\/div>\n\t\t\t\t<div class=\"elementor-element elementor-element-1cb6bfd elementor-widget elementor-widget-text-editor\" data-id=\"1cb6bfd\" data-element_type=\"widget\" data-widget_type=\"text-editor.default\">\n\t\t\t\t\t\t\t\t\t<h4><b style=\"font-size: inherit; font-family: -apple-system, system-ui, BlinkMacSystemFont, 'Segoe UI', Helvetica, Arial, sans-serif, 'Apple Color Emoji', 'Segoe UI Emoji', 'Segoe UI Symbol';\">Puc aportar temps.<\/b><\/h4><p class=\"p1\">Vols donar un cop de m\u00e0 puntual o regular?<br \/>Pots ajudar en:<\/p><ul><li class=\"p1\">Suport a tallers<\/li><li class=\"p1\">Acompanyament t\u00e8cnic<\/li><li class=\"p1\">Log\u00edstica i muntatge<\/li><\/ul><div style=\"text-align: center; margin: 20px 0;\"><a id=\"meuBoto\" style=\"display: inline-flex; align-items: center; justify-content: center; padding: 12px 24px; font-size: 16px; font-weight: 600; border-radius: 8px; color: #ffffff; background-color: #2563eb; text-decoration: none; box-shadow: 0 4px 6px rgba(0,0,0,0.1); transition: all 0.3s ease;\" href=\"https:\/\/tally.so\/r\/EkDrKA?participacio=suport\">Vull donar un cop de ma!!!<\/a><\/div>\t\t\t\t\t\t\t\t<\/div>\n\t\t\t\t\t<\/div>\n\t\t\t\t<\/div>\n\t\t<div class=\"elementor-element elementor-element-de240d7 e-flex e-con-boxed e-con e-parent\" data-id=\"de240d7\" data-element_type=\"container\">\n\t\t\t\t\t<div class=\"e-con-inner\">\n\t\t\t\t<div class=\"elementor-element elementor-element-56a77b1 elementor-widget elementor-widget-heading\" data-id=\"56a77b1\" data-element_type=\"widget\" data-widget_type=\"heading.default\">\n\t\t\t\t\t<h2 class=\"elementor-heading-title elementor-size-default\">Soc una entitat<\/h2>\t\t\t\t<\/div>\n\t\t\t\t\t<\/div>\n\t\t\t\t<\/div>\n\t\t<div class=\"elementor-element elementor-element-3c7ef1a e-grid e-con-boxed e-con e-parent\" data-id=\"3c7ef1a\" data-element_type=\"container\">\n\t\t\t\t\t<div class=\"e-con-inner\">\n\t\t\t\t<div class=\"elementor-element elementor-element-544248e elementor-widget elementor-widget-text-editor\" data-id=\"544248e\" data-element_type=\"widget\" data-widget_type=\"text-editor.default\">\n\t\t\t\t\t\t\t\t\t<h4 class=\"p1\"><b>Vull impulsar un projecte conjunt<\/b><\/h4><p class=\"p3\">Desenvolupar activitats, tallers o projectes comunitaris.<\/p><div style=\"text-align: center; margin: 20px 0;\"><p><a id=\"meuBoto\" style=\"display: inline-flex; align-items: center; justify-content: center; padding: 12px 24px; font-size: 16px; font-weight: 600; border-radius: 8px; color: #ffffff; background-color: #2563eb; text-decoration: none; box-shadow: 0 4px 6px rgba(0,0,0,0.1); transition: all 0.3s ease;\" href=\"URL_DEL_TEU_FORMULARI\">Tinc una proposta!!!<\/a><\/p><\/div>\t\t\t\t\t\t\t\t<\/div>\n\t\t\t\t<div class=\"elementor-element elementor-element-1f6857f elementor-widget elementor-widget-text-editor\" data-id=\"1f6857f\" data-element_type=\"widget\" data-widget_type=\"text-editor.default\">\n\t\t\t\t\t\t\t\t\t<h4><b>Vull utilitzar l\u2019espai<\/b><\/h4><p class=\"p3\">Fer una activitat, reuni\u00f3 o proc\u00e9s creatiu vinculada a la comunitat.<\/p>\t\t\t\t\t\t\t\t<\/div>\n\t\t\t\t<div class=\"elementor-element elementor-element-db023c5 elementor-widget elementor-widget-text-editor\" data-id=\"db023c5\" data-element_type=\"widget\" data-widget_type=\"text-editor.default\">\n\t\t\t\t\t\t\t\t\t<h4><b>Vull formar part de la xarxa<\/b><\/h4>\n<p class=\"p3\">Establir una col\u00b7laboraci\u00f3 estable amb L\u2019Estella.<\/p>\n\n<div style=\"text-align: center; margin: 20px 0;\"><a id=\"meuBoto\" style=\"display: inline-flex; align-items: center; justify-content: center; padding: 12px 24px; font-size: 16px; font-weight: 600; border-radius: 8px; color: #ffffff; background-color: #2563eb; text-decoration: none; box-shadow: 0 4px 6px rgba(0,0,0,0.1); transition: all 0.3s ease;\" href=\"URL_DEL_TEU_FORMULARI\">Vull fer xarxa!!!<\/a><\/div>\t\t\t\t\t\t\t\t<\/div>\n\t\t\t\t\t<\/div>\n\t\t\t\t<\/div>\n\t\t\t\t<\/div>\n\t\t","protected":false},"excerpt":{"rendered":"<p>Vull participar com a persona. Vine a les activitats Tallers oberts, c\u00e0psules formatives i projectes comunitaris. Consulta el calendari Implica\u2019t en el projecte Vols formar part de l\u2019equipPots sumar-te a: Comissi\u00f3 Gestora Comissi\u00f3 T\u00e8cnica Comissi\u00f3 Comunicaci\u00f3 Comissi\u00f3 Activitats Comissi\u00f3 Projectes i Xarxa Vull apuntar-me a una comissi\u00f3!!!\u00a0 Aporta el teu coneixement Saps cosetes de fusteria, &#8230; <a title=\"Participa\" class=\"read-more\" href=\"https:\/\/lestella.cat\/web\/participa\/\" aria-label=\"Read more about Participa\">Read more<\/a><\/p>\n","protected":false},"author":1,"featured_media":0,"parent":0,"menu_order":0,"comment_status":"closed","ping_status":"closed","template":"","meta":{"footnotes":""},"class_list":["post-41","page","type-page","status-publish"],"_links":{"self":[{"href":"https:\/\/lestella.cat\/web\/wp-json\/wp\/v2\/pages\/41","targetHints":{"allow":["GET"]}}],"collection":[{"href":"https:\/\/lestella.cat\/web\/wp-json\/wp\/v2\/pages"}],"about":[{"href":"https:\/\/lestella.cat\/web\/wp-json\/wp\/v2\/types\/page"}],"author":[{"embeddable":true,"href":"https:\/\/lestella.cat\/web\/wp-json\/wp\/v2\/users\/1"}],"replies":[{"embeddable":true,"href":"https:\/\/lestella.cat\/web\/wp-json\/wp\/v2\/comments?post=41"}],"version-history":[{"count":55,"href":"https:\/\/lestella.cat\/web\/wp-json\/wp\/v2\/pages\/41\/revisions"}],"predecessor-version":[{"id":285,"href":"https:\/\/lestella.cat\/web\/wp-json\/wp\/v2\/pages\/41\/revisions\/285"}],"wp:attachment":[{"href":"https:\/\/lestella.cat\/web\/wp-json\/wp\/v2\/media?parent=41"}],"curies":[{"name":"wp","href":"https:\/\/api.w.org\/{rel}","templated":true}]}}